or of 146 and 126.
2
Calculate the greatest common divisor of 2816 and 11.
11
What is the highest common factor of 369 and 3403?
41
Calculate the highest common factor of 1089 and 99.
99
What is the highest common divisor of 686 and 42?
14
Calculate the highest common factor of 52 and 143.
13
What is the greatest common divisor of 374 and 6868?
34
Calculate the highest common factor of 720 and 1280.
80
What is the greatest common factor of 84 and 399?
21
What is the highest common factor of 171 and 361?
19
Calculate the highest common factor of 10233 and 1516.
379
Calculate the highest common factor of 5 and 2605.
5
What is the highest common divisor of 17652 and 24?
12
What is the greatest common factor of 48 and 60?
12
What is the highest common divisor of 368 and 3956?
92
Calculate the greatest common factor of 48 and 3888.
48
What is the highest common factor of 35 and 623?
7
Calculate the greatest common factor of 1054 and 136.
34
What is the greatest common divisor of 11 and 2398?
11
Calculate the greatest common divisor of 3675 and 150.
75
Calculate the highest common factor of 1480 and 160.
40
Calculate the highest common divisor of 3760 and 240.
80
Calculate the greatest common factor of 63 and 231.
21
Calculate the greatest common factor of 4573 and 17.
17
What is the greatest common factor of 297 and 627?
33
Calculate the greatest common factor of 27 and 621.
27
What is the highest common divisor of 9962 and 408?
34
What is the greatest common divisor of 196 and 1323?
49
Calculate the greatest common factor of 24 and 56.
8
Calculate the greatest common factor of 40 and 64.
8
Calculate the greatest common divisor of 4 and 622.
2
What is the greatest common factor of 72 and 92?
4
What is the highest common factor of 24 and 2168?
8
Calculate the highest common divisor of 285 and 57.
57
Calculate the highest common divisor of 47 and 2303.
47
What is the greatest common divisor of 42 and 196?
14
What is the greatest common divisor of 8 and 16?
8
What is the highest common factor of 273 and 21?
21
Calculate the highest common divisor of 5 and 835.
5
What is the greatest common factor of 320 and 50?
10
Calculate the highest common divisor of 103 and 2781.
103
Calculate the greatest common divisor of 136 and 85.
17
What is the highest common factor of 209 and 95?
19
What is the highest common divisor of 57 and 3401?
19
What is the highest common factor of 6951 and 21?
21
What is the greatest common factor of 291 and 388?
97
What is the highest common divisor of 286 and 17589?
143
Calculate the highest common factor of 1356 and 60.
12
Calculate the highest common divisor of 24 and 1506.
6
Calculate the greatest common factor of 24 and 312.
24
Calculate the greatest common divisor of 124 and 992.
124
Calculate the greatest common factor of 4470 and 10.
10
What is the greatest common divisor of 655 and 3799?
131
Calculate the highest common divisor of 595 and 1904.
119
Calculate the highest common factor of 79 and 12403.
79
Calculate the greatest common factor of 1 and 199.
1
What is the greatest common factor of 33 and 264?
33
Calculate the highest common factor of 50933 and 53.
53
What is the highest common factor of 7 and 203?
7
What is the greatest common divisor of 51664 and 16?
16
What is the greatest common factor of 14 and 28?
14
Calculate the greatest common divisor of 768 and 12.
12
Calculate the greatest common divisor of 304 and 190.
38
Calculate the highest common factor of 32 and 160.
32
Calculate the greatest common divisor of 546 and 252.
42
What is the highest common divisor of 598 and 46?
46
What is the highest common divisor of 63 and 261?
9
Calculate the greatest common factor of 14 and 49994.
14
Calculate the greatest common factor of 7616 and 1666.
238
What is the greatest common divisor of 6789 and 62?
31
What is the highest common divisor of 1598 and 34?
34
Calculate the greatest common divisor of 2652 and 6708.
156
Calculate the greatest common factor of 423 and 2763.
9
What is the greatest common factor of 73 and 1?
1
Calculate the highest common factor of 41 and 1025.
41
Calculate the highest common factor of 512 and 48.
16
What is the greatest common factor of 6954 and 854?
122
Calculate the highest common divisor of 390 and 135.
15
Calculate the highest common divisor of 202 and 96.
2
Calculate the highest common divisor of 12 and 96.
12
Calculate the highest common divisor of 45 and 1215.
45
What is the greatest common factor of 6 and 5574?
6
Calculate the greatest common factor of 1914 and 99.
33
What is the highest common divisor of 165 and 22?
11
What is the greatest common factor of 156 and 192?
12
What is the greatest common factor of 304 and 288?
16
What is the highest common divisor of 85 and 136?
17
Calculate the greatest common factor of 348 and 638.
58
What is the greatest common divisor of 66 and 1056?
66
What is the highest common factor of 56 and 686?
14
What is the highest common divisor of 199 and 13?
1
Calculate the greatest common divisor of 1056 and 39.
3
What is the highest common divisor of 96 and 36?
12
What is the greatest common divisor of 314 and 7693?
157
Calculate the highest common factor of 7332 and 156.
156
What is the greatest common factor of 884 and 68?
68
Calculate the greatest common factor of 80 and 700.
20
Calculate the greatest common factor of 2752 and 128.
64
What is the greatest common divisor of 225 and 27?
9
What is the greatest common divisor of 62 and 3968?
62
Calculate the greatest common divisor of 12 and 12156.
12
Calculate the highest common divisor of 889 and 28.
7
What is the greatest common divisor of 1104 and 48?
48
Calculate the highest common divisor of 2323 and 202.
101
Calculate the highest common divisor of 136 and 2006.
34
What is the greatest common divisor of 8226 and 6?
6
What is the greatest common factor of 12 and 438?
6
What is the greatest common factor of 43 and 301?
43
Calculate the highest common factor of 3905 and 284.
71
Calculate the highest common divisor of 150 and 125.
25
Calculate the highest common factor of 385 and 105.
35
What is the highest common divisor of 2912 and 2688?
224
What is the highest common divisor of 1892 and 2236?
172
What is the highest common divisor of 4061 and 155?
31
What is the highest common divisor of 4 and 94?
2
Calculate the highest common divisor of 170 and 110.
10
What is the greatest common factor of 22 and 275?
11
What is the highest common divisor of 15610 and 20?
10
What is the highest common divisor of 40 and 270?
10
Calculate the greatest common factor of 114 and 11229.
57
Calculate the greatest common divisor of 162 and 198.
18
What is the greatest common factor of 15 and 21585?
15
What is the greatest common divisor of 3939 and 39?
39
What is the highest common factor of 20 and 980?
20
What is the greatest common factor of 24 and 324?
12
Calculate the highest common divisor of 88 and 286.
22
Calculate the greatest common factor of 18 and 351.
9
What is the highest common factor of 8485 and 5?
5
Calculate the highest common factor of 400 and 700.
100
What is the highest common factor of 3219 and 58?
29
Calculate the greatest common divisor of 3708 and 36.
36
What is the greatest common factor of 20 and 7270?
10
What is the highest common divisor of 102 and 272?
34
Calculate the highest common factor of 5320 and 28.
28
Calculate the greatest common factor of 195 and 117.
39
Calculate the highest common divisor of 221 and 65.
13
Calculate the highest common divisor of 73 and 14381.
73
Calculate the greatest common divisor of 3024 and 224.
112
Calculate the greatest common divisor of 385 and 10.
5
What is the greatest common factor of 816 and 96?
48
Calculate the greatest common divisor of 420 and 240.
60
What is the highest common factor of 33 and 7854?
33
What is the greatest common divisor of 33 and 341?
11
What is the greatest common factor of 60 and 735?
15
What is the greatest common factor of 343 and 441?
49
Calculate the greatest common divisor of 110 and 33.
11
What is the greatest common divisor of 564 and 36?
12
What is the greatest common divisor of 145 and 49300?
145
Calculate the highest common divisor of 27 and 153.
9
What is the highest common factor of 250 and 200?
50
What is the high